{"id":25,"date":"2024-06-09T19:20:54","date_gmt":"2024-06-09T16:20:54","guid":{"rendered":"https:\/\/yeditepelerpsikoteknik.com\/?page_id=25"},"modified":"2024-07-03T13:36:06","modified_gmt":"2024-07-03T10:36:06","slug":"kimler-almalidir","status":"publish","type":"page","link":"https:\/\/yeditepelerpsikoteknik.com\/index.php\/kimler-almalidir\/","title":{"rendered":"K\u0130MLER ALMALIDIR?"},"content":{"rendered":"\t\t<div data-elementor-type=\"wp-page\" data-elementor-id=\"25\" class=\"elementor elementor-25\" data-elementor-post-type=\"page\">\n\t\t\t\t\t\t<section class=\"elementor-section elementor-top-section elementor-element elementor-element-172d32f elementor-section-boxed elementor-section-height-default elementor-section-height-default\" data-id=\"172d32f\" data-element_type=\"section\">\n\t\t\t\t\t\t<div class=\"elementor-container elementor-column-gap-default\">\n\t\t\t\t\t<div class=\"elementor-column elementor-col-50 elementor-top-column elementor-element elementor-element-8199dd1\" data-id=\"8199dd1\" data-element_type=\"column\">\n\t\t\t<div class=\"elementor-widget-wrap elementor-element-populated\">\n\t\t\t\t\t\t<div class=\"elementor-element elementor-element-97bda45 elementor-widget__width-initial elementor-widget-mobile__width-initial elementor-widget elementor-widget-elementskit-heading\" data-id=\"97bda45\" data-element_type=\"widget\" data-widget_type=\"elementskit-heading.default\">\n\t\t\t\t<div class=\"elementor-widget-container\">\n\t\t\t\t\t<div class=\"ekit-wid-con\" ><div class=\"ekit-heading elementskit-section-title-wraper text_left   ekit_heading_tablet-   ekit_heading_mobile-text_center\"><h2 class=\"ekit-heading--title elementskit-section-title \">Psikoteknik Belgesini Kimler Almal\u0131d\u0131r?<\/h2><div class=\"ekit_heading_separetor_wraper ekit_heading_elementskit-border-divider ekit-dotted\"><div class=\"elementskit-border-divider ekit-dotted\"><\/div><\/div><\/div><\/div>\t\t\t\t<\/div>\n\t\t\t\t<\/div>\n\t\t\t\t<div class=\"elementor-element elementor-element-9317267 elementor-widget elementor-widget-text-editor\" data-id=\"9317267\" data-element_type=\"widget\" data-widget_type=\"text-editor.default\">\n\t\t\t\t<div class=\"elementor-widget-container\">\n\t\t\t\t\t\t\t\t\t<p>Y\u00fck , E\u015fya ve Yolcu ta\u015f\u0131mac\u0131l\u0131\u011f\u0131 yapan t\u00fcm ticari ara\u00e7 s\u00fcr\u00fcc\u00fcleri almak zorundad\u0131r. Psikoteknik belgesinin zorunlu oldu\u011fu ki\u015filer s\u0131ras\u0131yla;<\/p><ul><li>Taksi s\u00fcr\u00fcc\u00fcleri,<\/li><li>Kamyon ve T\u0131r S\u00fcr\u00fcc\u00fcleri,<\/li><li>\u00d6\u011frenci Servisi \u00c7eken S\u00fcr\u00fcc\u00fcler,<\/li><li>Otob\u00fcs Kaptanlar\u0131,<\/li><li>Personel Ta\u015f\u0131mac\u0131l\u0131\u011f\u0131 Yapan \u015eof\u00f6rler,<\/li><li>Minib\u00fcs, dolmu\u015f gibi toplu ta\u015f\u0131ma yapan s\u00fcr\u00fcc\u00fcler,<\/li><li>Valeler<\/li><li>Ve her t\u00fcrl\u00fc ticari ta\u015f\u0131ma yapan s\u00fcr\u00fcc\u00fcler i\u00e7in psikoteknik zorunludur.<\/li><\/ul>\t\t\t\t\t\t\t\t<\/div>\n\t\t\t\t<\/div>\n\t\t\t\t\t<\/div>\n\t\t<\/div>\n\t\t\t\t<div class=\"elementor-column elementor-col-50 elementor-top-column elementor-element elementor-element-33fe999\" data-id=\"33fe999\" data-element_type=\"column\">\n\t\t\t<div class=\"elementor-widget-wrap elementor-element-populated\">\n\t\t\t\t\t\t<div class=\"elementor-element elementor-element-e747747 elementor-widget elementor-widget-image\" data-id=\"e747747\" data-element_type=\"widget\" data-widget_type=\"image.default\">\n\t\t\t\t<div class=\"elementor-widget-container\">\n\t\t\t\t\t\t\t\t\t\t\t\t\t\t\t<img decoding=\"async\" src=\"https:\/\/yeditepelerpsikoteknik.com\/wp-content\/uploads\/elementor\/thumbs\/19139-scaled-qpi1yf2c1v77gugl68l497b0xove1swcnycnpfdl88.jpg\" title=\"Psikoteknik Belgesi Nas\u0131l Al\u0131n\u0131r? Nereden Al\u0131n\u0131r?\" alt=\"Psikoteknik Belgesi Nas\u0131l Al\u0131n\u0131r? Nereden Al\u0131n\u0131r?\" loading=\"lazy\" \/>\t\t\t\t\t\t\t\t\t\t\t\t\t\t\t<\/div>\n\t\t\t\t<\/div>\n\t\t\t\t\t<\/div>\n\t\t<\/div>\n\t\t\t\t\t<\/div>\n\t\t<\/section>\n\t\t\t\t<section class=\"elementor-section elementor-top-section elementor-element elementor-element-5409d97 elementor-section-boxed elementor-section-height-default elementor-section-height-default\" data-id=\"5409d97\" data-element_type=\"section\">\n\t\t\t\t\t\t<div class=\"elementor-container elementor-column-gap-default\">\n\t\t\t\t\t<div class=\"elementor-column elementor-col-100 elementor-top-column elementor-element elementor-element-22d63b6\" data-id=\"22d63b6\" data-element_type=\"column\">\n\t\t\t<div class=\"elementor-widget-wrap elementor-element-populated\">\n\t\t\t\t\t\t<div class=\"elementor-element elementor-element-b2c8d57 elementor-widget elementor-widget-text-editor\" data-id=\"b2c8d57\" data-element_type=\"widget\" data-widget_type=\"text-editor.default\">\n\t\t\t\t<div class=\"elementor-widget-container\">\n\t\t\t\t\t\t\t\t\t<p>Bunun ile ilgili Karayolu Ta\u015f\u0131ma y\u00f6netmeli\u011finin 36. Maddesini inceleyece\u011fiz. Karayolu ta\u015f\u0131ma y\u00f6netmeli\u011finin 36. Maddesine bakacak olursak s\u00fcr\u00fcc\u00fclerde aranan \u015fartlar;<\/p>\t\t\t\t\t\t\t\t<\/div>\n\t\t\t\t<\/div>\n\t\t\t\t\t<\/div>\n\t\t<\/div>\n\t\t\t\t\t<\/div>\n\t\t<\/section>\n\t\t\t\t<section class=\"elementor-section elementor-top-section elementor-element elementor-element-4b374b1 elementor-section-boxed elementor-section-height-default elementor-section-height-default\" data-id=\"4b374b1\" data-element_type=\"section\">\n\t\t\t\t\t\t<div class=\"elementor-container elementor-column-gap-default\">\n\t\t\t\t\t<div class=\"elementor-column elementor-col-50 elementor-top-column elementor-element elementor-element-02f9e17\" data-id=\"02f9e17\" data-element_type=\"column\">\n\t\t\t<div class=\"elementor-widget-wrap elementor-element-populated\">\n\t\t\t\t\t\t<div class=\"elementor-element elementor-element-74c1711 elementor-widget elementor-widget-text-editor\" data-id=\"74c1711\" data-element_type=\"widget\" data-widget_type=\"text-editor.default\">\n\t\t\t\t<div class=\"elementor-widget-container\">\n\t\t\t\t\t\t\t\t\t<div class=\"flex flex-grow flex-col max-w-full\"><div class=\"min-h-[20px] text-message flex flex-col items-start whitespace-pre-wrap break-words [.text-message+&amp;]:mt-5 juice:w-full juice:items-end overflow-x-auto gap-2\" dir=\"auto\" data-message-author-role=\"assistant\" data-message-id=\"a74b7236-126f-47e4-bc65-3409632364be\"><div class=\"flex w-full flex-col gap-1 juice:empty:hidden juice:first:pt-[3px]\"><div class=\"markdown prose w-full break-words dark:prose-invert dark\"><p>\u00a0<\/p><ul><li>Ticari ta\u015f\u0131t\u0131n niteli\u011fine g\u00f6re s\u00fcr\u00fcc\u00fc belgesine sahip olmalar\u0131<\/li><li>Yolcu ta\u015f\u0131mac\u0131l\u0131\u011f\u0131nda en az lise veya dengi okullardan birini bitirmi\u015f olmalar\u0131<\/li><li>E\u015fya ve kargo ta\u015f\u0131mac\u0131l\u0131\u011f\u0131nda ilk\u00f6\u011fretim okullar\u0131ndan\u00a0 birini bitirmi\u015f olmalar\u0131<\/li><li>Y\u00fcksek \u00d6\u011fretim Kurumlar\u0131n\u0131n s\u00fcr\u00fcc\u00fc e\u011fitimi veren b\u00f6l\u00fcmlerinden mezun olanlar hari\u00e7, Bakanl\u0131k\u00e7a belirlenecek kurum ve kurulu\u015flar\u0131n verece\u011fi e\u011fitimden ge\u00e7erek s\u00fcr\u00fcc\u00fc mesleki yeterlilik belgeleri almalar\u0131,<\/li><li>S\u00fcr\u00fcc\u00fclerin bedeni ve psikoteknik a\u00e7\u0131dan sa\u011fl\u0131kl\u0131 olduklar\u0131n\u0131 g\u00f6steren bir sa\u011fl\u0131k raporunu yetkili sa\u011fl\u0131k kurulu\u015flar\u0131ndan her be\u015f y\u0131lda bir almalar\u0131,<\/li><li>Yolcu ta\u015f\u0131mac\u0131l\u0131\u011f\u0131nda \u00e7al\u0131\u015facak otob\u00fcs s\u00fcr\u00fcc\u00fclerinin 26 ya\u015f\u0131ndan g\u00fcn alm\u0131\u015f ve 63 ya\u015f\u0131ndan g\u00fcn almam\u0131\u015f olmalar\u0131,<\/li><li>E\u015fya ve kargo ta\u015f\u0131mac\u0131l\u0131\u011f\u0131nda \u00e7al\u0131\u015facak s\u00fcr\u00fcc\u00fclerin 63 ya\u015f\u0131ndan g\u00fcn almam\u0131\u015f olmamalar\u0131,<\/li><li>Tehlikeli madde ta\u015f\u0131mac\u0131l\u0131\u011f\u0131 yapan s\u00fcr\u00fcc\u00fclerin, ilgili mevzuat\u0131n s\u00fcr\u00fcc\u00fcler i\u00e7in zorunlu k\u0131ld\u0131\u011f\u0131 e\u011fitimi ald\u0131\u011f\u0131n\u0131 g\u00f6steren belgeye sahip olmalar\u0131,<\/li><li>Uluslararas\u0131 ta\u015f\u0131malarda istihdam edilecek s\u00fcr\u00fcc\u00fclerin , uyu\u015fturucu ,silah ,insan ve g\u00fcmr\u00fck ka\u00e7ak\u00e7\u0131l\u0131\u011f\u0131 ile ter\u00f6r su\u00e7lar\u0131ndan dolay\u0131 h\u00fcrriyeti ba\u011flay\u0131c\u0131 ceza ile h\u00fck\u00fcml\u00fc\u00a0 olmamalar\u0131 \u015fartt\u0131r.\u00a0<\/li><\/ul><\/div><\/div><\/div><\/div><div class=\"mt-1 flex gap-3 empty:hidden juice:-ml-3\"><div class=\"items-center justify-start rounded-xl p-1 flex\"><div class=\"flex items-center\"><div class=\"flex items-center pb-0.5 juice:pb-0\">\u00a0<\/div><\/div><\/div><\/div>\t\t\t\t\t\t\t\t<\/div>\n\t\t\t\t<\/div>\n\t\t\t\t\t<\/div>\n\t\t<\/div>\n\t\t\t\t<div class=\"elementor-column elementor-col-50 elementor-top-column elementor-element elementor-element-301ff9f\" data-id=\"301ff9f\" data-element_type=\"column\">\n\t\t\t<div class=\"elementor-widget-wrap elementor-element-populated\">\n\t\t\t\t\t\t<div class=\"elementor-element elementor-element-9b24c53 elementor-widget elementor-widget-image\" data-id=\"9b24c53\" data-element_type=\"widget\" data-widget_type=\"image.default\">\n\t\t\t\t<div class=\"elementor-widget-container\">\n\t\t\t\t\t\t\t\t\t\t\t\t\t\t\t<img fetchpriority=\"high\" decoding=\"async\" width=\"800\" height=\"448\" src=\"https:\/\/yeditepelerpsikoteknik.com\/wp-content\/uploads\/2024\/06\/male-bus-driver-portrait-1-1024x574.jpg\" class=\"attachment-large size-large wp-image-220\" alt=\"\" srcset=\"https:\/\/yeditepelerpsikoteknik.com\/wp-content\/uploads\/2024\/06\/male-bus-driver-portrait-1-1024x574.jpg 1024w, https:\/\/yeditepelerpsikoteknik.com\/wp-content\/uploads\/2024\/06\/male-bus-driver-portrait-1-300x168.jpg 300w, https:\/\/yeditepelerpsikoteknik.com\/wp-content\/uploads\/2024\/06\/male-bus-driver-portrait-1-768x430.jpg 768w, https:\/\/yeditepelerpsikoteknik.com\/wp-content\/uploads\/2024\/06\/male-bus-driver-portrait-1-1536x861.jpg 1536w, https:\/\/yeditepelerpsikoteknik.com\/wp-content\/uploads\/2024\/06\/male-bus-driver-portrait-1-2048x1148.jpg 2048w\" sizes=\"(max-width: 800px) 100vw, 800px\" \/>\t\t\t\t\t\t\t\t\t\t\t\t\t\t\t<\/div>\n\t\t\t\t<\/div>\n\t\t\t\t\t<\/div>\n\t\t<\/div>\n\t\t\t\t\t<\/div>\n\t\t<\/section>\n\t\t\t\t<\/div>\n\t\t","protected":false},"excerpt":{"rendered":"<p>Psikoteknik Belgesini Kimler Almal\u0131d\u0131r? Y\u00fck , E\u015fya ve Yolcu ta\u015f\u0131mac\u0131l\u0131\u011f\u0131 yapan t\u00fcm ticari ara\u00e7 s\u00fcr\u00fcc\u00fcleri almak zorundad\u0131r. Psikoteknik belgesinin zorunlu oldu\u011fu ki\u015filer s\u0131ras\u0131yla; Taksi s\u00fcr\u00fcc\u00fcleri, Kamyon ve T\u0131r S\u00fcr\u00fcc\u00fcleri, \u00d6\u011frenci Servisi \u00c7eken S\u00fcr\u00fcc\u00fcler, Otob\u00fcs Kaptanlar\u0131, Personel Ta\u015f\u0131mac\u0131l\u0131\u011f\u0131 Yapan \u015eof\u00f6rler, Minib\u00fcs, dolmu\u015f gibi toplu ta\u015f\u0131ma yapan s\u00fcr\u00fcc\u00fcler, Valeler Ve her t\u00fcrl\u00fc ticari ta\u015f\u0131ma yapan s\u00fcr\u00fcc\u00fcler i\u00e7in [&hellip;]<\/p>\n","protected":false},"author":1,"featured_media":0,"parent":0,"menu_order":0,"comment_status":"closed","ping_status":"closed","template":"","meta":{"_joinchat":[],"footnotes":""},"class_list":["post-25","page","type-page","status-publish","hentry"],"_links":{"self":[{"href":"https:\/\/yeditepelerpsikoteknik.com\/index.php\/wp-json\/wp\/v2\/pages\/25","targetHints":{"allow":["GET"]}}],"collection":[{"href":"https:\/\/yeditepelerpsikoteknik.com\/index.php\/wp-json\/wp\/v2\/pages"}],"about":[{"href":"https:\/\/yeditepelerpsikoteknik.com\/index.php\/wp-json\/wp\/v2\/types\/page"}],"author":[{"embeddable":true,"href":"https:\/\/yeditepelerpsikoteknik.com\/index.php\/wp-json\/wp\/v2\/users\/1"}],"replies":[{"embeddable":true,"href":"https:\/\/yeditepelerpsikoteknik.com\/index.php\/wp-json\/wp\/v2\/comments?post=25"}],"version-history":[{"count":28,"href":"https:\/\/yeditepelerpsikoteknik.com\/index.php\/wp-json\/wp\/v2\/pages\/25\/revisions"}],"predecessor-version":[{"id":679,"href":"https:\/\/yeditepelerpsikoteknik.com\/index.php\/wp-json\/wp\/v2\/pages\/25\/revisions\/679"}],"wp:attachment":[{"href":"https:\/\/yeditepelerpsikoteknik.com\/index.php\/wp-json\/wp\/v2\/media?parent=25"}],"curies":[{"name":"wp","href":"https:\/\/api.w.org\/{rel}","templated":true}]}}